ose -4*a = -a + i. Let b = 15 + a. What is the units digit of b?
7
Let r be 2/16*4*72. Let n = r - 33. What is the units digit of n?
3
Let c(k) = k**3 + 12*k**2 - 5*k - 10. What is the units digit of c(-12)?
0
Let v = -8 - -6. Let w be v/((3/(-93))/1). What is the units digit of (-20)/50 - w/(-5)?
2
Let u(t) = -2*t**3 + t**2 - 2. Let j be u(2). Let q(k) = -k**2 - 15*k - 8. Let x be q(j). Let i(m) = 2*m**2 - 9*m + 3. What is the tens digit of i(x)?
2
Let i(v) = -3*v + 11. Let d be i(-14). Suppose 608 = 5*w + d. What is the hundreds digit of w?
1
Suppose -5*u + 3*v = -10883, -u + 244*v = 241*v - 2179. What is the units digit of u?
6
Let r(w) = 12 - 7*w**2 - 9*w - 3*w**3 - 12*w**3 + 16*w**3. Let t(g) = -g**3 - 4*g**2 - g + 4. Let y be t(-4). What is the units digit of r(y)?
4
Suppose -2*i + 705 = 3*i. What is the tens digit of i?
4
Let f = -61 + 67. What is the units digit of 156 + (f - 4 - 5)?
3
Suppose 3*g + 16 = 7*g. Suppose 10 = 2*c - g*c. What is the units digit of (-117)/c - 15/(-25)?
4
Let o(l) = l**2 + 4*l - 6. Let t be o(-10). Suppose n + 3*u - t = 4*n, -2*n - 4*u = 12. Let d = n + 27. What is the tens digit of d?
1
What is the tens digit of 515*(6 + (-42)/10)?
2
Let r be -69*(0 + (-4)/6). Let k be 39/(-12) - -4 - 51/(-12). Suppose 4*f + 2*u - r = 0, 3*f + 4*u = 17 + k. What is the units digit of f?
4
Let k be (-2)/3*(-987)/14. Let y = k + -32. What is the tens digit of y/5 - (-1 - 19)?
2
Let k(n) = -n + 11. Let b be k(9). Let g = b - -4. Suppose 3*i = g*i - 66. What is the tens digit of i?
2
Let o be (48/(-5))/((-4)/650). What is the tens digit of 4/(-14) - o/(-21)?
7
Suppose 2*z - 2*c = 10, 4*z - 7 = c + 7. Suppose 3*l = 5*o - 728, -3*o + o = -z*l - 284. What is the hundreds digit of o?
1
Let x be 140/(-40)*(-2)/1. Suppose x*s = 9*s + 56. Let j = 36 - s. What is the units digit of j?
4
Let g be (-3)/(-2 - (-4 - -3)). Suppose 5*b - 21 = -3*p, -b + 18 = g*b + 3*p. What is the units digit of 66/24 + b/(-4)?
2
What is the hundreds digit of (3/12)/(13/75140)?
4
Let k(f) = -f**3 + 8*f**2 - 9*f + 1. Let i be k(7). Let j = -11 - i. Suppose -3*z = j*z - 2*h - 215, 5*h + 65 = 2*z. What is the tens digit of z?
4
Let n be (32/18 - (-8)/36)/(-2). What is the units digit of (-15)/(-20) + ((-341)/(-4) - n)?
7
Let l(x) be the first derivative of 3*x**3 + x**2/2 - 3*x - 1. What is the tens digit of l(-3)?
7
Suppose 5*a + 3*t = -78, -5*a = 8*t - 3*t + 80. Let x = a + 41. What is the units digit of x?
6
Let t = 75 + -47. What is the units digit of (21 - 1)*t*4/32?
0
Suppose 2*g + 8*z - 1045 = 7*z, -2*z + 1569 = 3*g. What is the tens digit of g?
2
Let t(y) be the second derivative of y**4/12 + y**3/3 + 7*y**2 + 11*y. What is the units digit of t(6)?
2
Suppose g - 1 = 4*t, -3*g + 3*t + 0 = 6. Let q(w) = -w**3 - 2*w**2 + 3*w - 2. Let z be q(g). What is the units digit of (z/(-8))/(2/40)?
5
Let d = -847 + 1681. What is the hundreds digit of d?
8
Suppose -36*n = -34*n - 4. Suppose 2*o - o = 3. Suppose o*p - 4*w - 17 = 2*p, n*p + w - 43 = 0. What is the tens digit of p?
2
Suppose 7*f - 38 + 17 = 0. Let d be (-3)/6 - 15/(-2). Suppose f*v = -d + 37. What is the units digit of v?
0
Let v(y) = y + 10. Let n be v(-15). What is the tens digit of 1/n + (-1824)/(-20)?
9
Suppose 48*y = 26*y + 7370. What is the hundreds digit of y?
3
Let h(v) = 52*v + 1. Let b be h(1). Let w = b + -21. What is the units digit of (w/(-20))/(1/(-10))?
6
Let h(q) be the third derivative of 1/30*q**5 + 0*q + 0 + 7/3*q**3 + 9*q**2 - 11/24*q**4. What is the units digit of h(8)?
4
Suppose 24727 = 13*w - 18979. What is the tens digit of w?
6
Suppose -p + 2*p + 137 = 0. Let x = -75 - p. What is the tens digit of x?
6
Let f(t) = 55*t + 41. What is the hundreds digit of f(4)?
2
What is the hundreds digit of (108/2)/((-10)/(-25))?
1
Suppose 0 = -3*v + 2*v - 4, 1396 = 4*f + 5*v. What is the tens digit of f?
5
Let q(x) = -4*x**3 + 57*x**2 - 27*x - 11. What is the hundreds digit of q(13)?
4
Suppose 3 + 9 = p - 3*d, p + 3*d + 6 = 0. Let n(z) = 2*z**3 - z**2 - 3*z - 1. What is the units digit of n(p)?
5
Suppose 1384 = 4*h - 944. What is the units digit of h?
2
Let o(n) be the second derivative of n**7/1260 + n**6/72 - n**5/60 + n**4/12 + 6*n. Let k(j) be the third derivative of o(j). What is the tens digit of k(-7)?
2
Let z be (165/12)/(-5)*-100. Suppose 2*l = -2*h + 114, 3*h + z = 4*l + 33. What is the units digit of l?
9
Let p = 54 - 52. Suppose -p*g = 4*x - 194, 5*x = -2*g + g + 88. What is the tens digit of g?
0
Let k(v) be the third derivative of 29*v**4/24 + 4*v**3/3 - v**2. What is the units digit of k(2)?
6
Let w(l) = -5*l + 56. What is the tens digit of w(7)?
2
Let h(a) = -854*a + 298. What is the hundreds digit of h(-3)?
8
Suppose 0 = 4*r - 8, -19 + 129 = 5*x - 5*r. Suppose x = 10*i - 7*i. Suppose -2 = -m + i. What is the tens digit of m?
1
Suppose -2*n + 0 = 5*v + 16, -3*v = n + 9. Let b be 0 + (n - (-10)/2). Suppose 0*h - 37 = -3*y + 4*h, -2*y - b*h = -6. What is the units digit of y?
7
Let z(x) = -2 - 1 + 0 + 22*x + 1. Suppose -4*s + 5*q + 9 = 6*q, 1 = -s + 3*q. What is the units digit of z(s)?
2
Let m(t) = 3*t**2 - 5. Let n be m(7). Suppose 6*c - 4*z - 278 = 4*c, -c + 5*z = -n. What is the units digit of c?
7
Let g = 1973 + -1077. What is the tens digit of g?
9
Suppose 1802 = 5*d - 4*k, 3*k - 1092 = -2*d - d. Suppose 0 = 5*n + 67 - d. What is the units digit of n?
9
Suppose -v + 240 = -3*f + 84, 3*v + 9 = 0. Let t = 99 + f. What is the units digit of t?
6
Let i(l) = -47*l - 737. What is the tens digit of i(-20)?
0
Let a(c) = 3*c - 2*c + 4*c - 6 - 3*c. Let d be a(5). Let g = d + -1. What is the units digit of g?
3
Suppose 2*m + 30 = t + 138, 2*m = 0. Let o = t - -244. What is the tens digit of o?
3
Let d(j) = -j**2 - 42*j - 43. What is the units digit of d(-15)?
2
Suppose 2*b = a + 110, 4*a = -b + 3*b - 98. Suppose 0 = -3*i + 12, 2*j + j - b = -3*i. What is the tens digit of j?
1
What is the hundreds digit of -8*36/42*-147?
0
Suppose 8*m + 5*m = 26. Suppose m*u = -q + 170 + 25, q + 1 = 0. What is the tens digit of u?
9
Let f(h) = 9*h - 15. Let d be ((-12)/(-5))/(0 + 2/5). What is the units digit of f(d)?
9
Suppose -5*s + 2*q - q + 2779 = 0, -2*s + 2*q = -1118. What is the units digit of s?
5
Let x(q) = 6*q + 17. Let v(w) = -30*w - 84. Suppose -2*f + 52 - 4 = 0. Let s(g) = f*x(g) + 5*v(g). What is the tens digit of s(-5)?
1
What is the tens digit of (-7)/(49/56) + 701?
9
Suppose -205*f - 328 = -206*f. What is the tens digit of f?
2
Suppose i + 180 = 4*y + 23, 65 = 2*y - 5*i. Suppose -51 = -j - y. What is the tens digit of j?
1
Suppose 5*j + 4*a - 5*a - 845 = 0, 0 = -3*j + 4*a + 507. Suppose 0 = 4*t - 299 - j. What is the units digit of t?
7
Let f(q) = -5 + 35 - 4*q + 14. What is the units digit of f(-18)?
6
Let w = 28 - 26. Let d(p) = -12 - w*p + 1 + 5 - 13. What is the units digit of d(-10)?
1
Let l be (-2)/(-5) - (-20754)/90. Let g = l + -124. What is the hundreds digit of g?
1
Suppose 0*x + 4*x + 3*v + 466 = 0, 3*v - 360 = 3*x. Let b be 16/(-216) + (-9068)/54. Let o = x - b. What is the tens digit of o?
5
Suppose -106*n - 92 = -108*n. What is the tens digit of (-1 + (n - 3))/2?
2
Let o = 469 + -230. What is the hundreds digit of o?
2
Let i be (-96)/(-52) - 2/(-13). Suppose -3*j - w = 2*w, w = -3*j + i. Suppose 3*p - 80 = -2*b, -3*p + j = 3*b - 125. What is the tens digit of b?
4
Suppose m = 2*m - 4*b + 12, 0 = -m + 5*b - 15. Suppose 122 = -m*u + 2*u. What is the units digit of u?
1
Suppose a + 115 = h, -3 + 1 = 2*h. Let y = a + 209. What is the units digit of y?
3
Let a = 275 - 149. What is the units digit of a?
6
Let o = -735 + 1061. What is the units digit of o?
6
Suppose 758 = -7*n + 37. Let d = n + 160. What is the units digit of d?
7
Let u = -388 - -544. What is the units digit of u?
6
Let n be (11/(-22))/(2/(-344)). Let p = -36 + n. Suppose 0 = 47*o - p*o + 150. What is the units digit of o?
0
Suppose 5*y - 72 = 2*u, -2*u - 3*u - 47 = -3*y. Let s = 72 + y. What is the tens digit of s?
8
Suppose -3*p + 80 = -151. Let n = 113 - p. Suppose 0 = 2*h - 2*r - n, -5*h = -6*h - 5*r + 36. What is the units digit of h?
1
Let j(l) = 3*l + 19. Let d be j(-8). Let a(m) = -2*m**3 - 7*m**2 - m - 7. What is the units digit of a(d)?
3
Let j = 25 - 21. Suppose 208 = 4*i + 4*y, j*y - 82 = -3*i + 7